{"id":2627,"date":"2023-09-08T16:28:43","date_gmt":"2023-09-08T14:28:43","guid":{"rendered":"https:\/\/www.rosafenster.ch\/mentions-legales\/"},"modified":"2023-09-08T16:40:25","modified_gmt":"2023-09-08T14:40:25","slug":"mentions-legales","status":"publish","type":"page","link":"https:\/\/www.rosafenster.ch\/fr\/mentions-legales\/","title":{"rendered":"Mentions l\u00e9gales"},"content":{"rendered":"<style>.elementor-2627 .elementor-element.elementor-element-1a9d78b{--display:flex;--flex-direction:column;--container-widget-width:100%;--container-widget-height:initial;--container-widget-flex-grow:0;--container-widget-align-self:initial;--flex-wrap-mobile:wrap;}<\/style>\t\t<div data-elementor-type=\"wp-page\" data-elementor-id=\"2627\" class=\"elementor elementor-2627 elementor-2624\" data-elementor-post-type=\"page\">\n\t\t\t\t<div class=\"elementor-element elementor-element-1a9d78b e-flex e-con-boxed e-con e-parent\" data-id=\"1a9d78b\" data-element_type=\"container\">\n\t\t\t\t\t<div class=\"e-con-inner\">\n\t\t\t\t<div class=\"elementor-element elementor-element-8354d07 elementor-widget elementor-widget-text-editor\" data-id=\"8354d07\" data-element_type=\"widget\" data-widget_type=\"text-editor.default\">\n\t\t\t\t<div class=\"elementor-widget-container\">\n\t\t\t\t\t\t\t\t\t<h4>Adresse de contact<\/h4>\n<p>Rosa Fenster GmbH<br \/>Meisenweg 10<br \/>3292 Busswil<br \/><a href=\"mailto:info@rosafenster.ch\">info@rosafenster.ch<\/a><\/p>\n<h4>Contact technique<\/h4>\n<p>Webtrics GmbH<br \/>Place du march\u00e9 16<br \/>3250 Lyss<br \/><a href=\"mailto:info@webtrics.ch\" target=\"_blank\" rel=\"noopener noreferrer\">info@webtrics.ch<br \/><\/a><a href=\"http:\/\/www.webtrics.ch\/\" target=\"_blank\" rel=\"noopener noreferrer\">www.webtrics.ch<\/a><\/p>\n<h4>Personnes autoris\u00e9es \u00e0 repr\u00e9senter l&rsquo;association<\/h4>\n<p>Amadeus Rosa<\/p>\n<h4>Inscription au registre du commerce<\/h4>\n<p>Nom de l&rsquo;entreprise enregistr\u00e9e : Rosa Fenster GmbH<br \/>Num\u00e9ro : CH-073.4.013.110-8<br \/>Office du registre du commerce : Berne<\/p>\n<h4>Num\u00e9ro de TVA<\/h4>\n<p>CHE-105.719.754<\/p>\n<h4>Clause de non-responsabilit\u00e9<\/h4>\n<p>L&rsquo;auteur n&rsquo;assume aucune responsabilit\u00e9 quant \u00e0 la v\u00e9racit\u00e9, l&rsquo;exactitude, l&rsquo;actualit\u00e9, la fiabilit\u00e9 et l&rsquo;exhaustivit\u00e9 du contenu des informations.<\/p>\n<p>L&rsquo;auteur ne saurait \u00eatre tenu pour responsable des dommages mat\u00e9riels ou immat\u00e9riels qui pourraient \u00eatre caus\u00e9s par l&rsquo;acc\u00e8s aux informations diffus\u00e9es ou par leur utilisation ou non-utilisation, par le mauvais usage de la connexion ou par des probl\u00e8mes techniques.<\/p>\n<p>Toutes les offres sont sans engagement. L&rsquo;auteur se r\u00e9serve express\u00e9ment le droit de modifier, de compl\u00e9ter ou de supprimer des parties de pages ou l&rsquo;ensemble de l&rsquo;offre sans avis pr\u00e9alable, ou d&rsquo;en suspendre temporairement ou d\u00e9finitivement la publication.<\/p>\n<h4>Responsabilit\u00e9 pour les liens<\/h4>\n<p>Les renvois et liens vers des sites web de tiers ne rel\u00e8vent pas de notre responsabilit\u00e9. Nous d\u00e9clinons toute responsabilit\u00e9 pour de tels sites web. L&rsquo;acc\u00e8s \u00e0 de tels sites et leur utilisation se font aux risques et p\u00e9rils de l&rsquo;utilisateur ou de l&rsquo;utilisatrice.<\/p>\n<h4>Droits d&rsquo;auteur<\/h4>\n<p>Les droits d&rsquo;auteur et tous les autres droits li\u00e9s aux contenus, images, photos ou autres fichiers pr\u00e9sents sur le site web appartiennent exclusivement <strong>\u00e0 la soci\u00e9t\u00e9 Rosa Fenster GmbH<\/strong> ou aux titulaires de droits sp\u00e9cialement cit\u00e9s. Pour la reproduction de tout \u00e9l\u00e9ment, l&rsquo;accord \u00e9crit des d\u00e9tenteurs des droits d&rsquo;auteur doit \u00eatre obtenu au pr\u00e9alable.<\/p>\n\t\t\t\t\t\t\t\t<\/div>\n\t\t\t\t<\/div>\n\t\t\t\t\t<\/div>\n\t\t\t\t<\/div>\n\t\t\t\t<\/div>\n\t\t","protected":false},"excerpt":{"rendered":"<p>Adresse de contact Rosa Fenster GmbHMeisenweg 103292 Busswilinfo@rosafenster.ch Contact technique Webtrics GmbHPlace du march\u00e9 163250 Lyssinfo@webtrics.chwww.webtrics.ch Personnes autoris\u00e9es \u00e0 repr\u00e9senter l&rsquo;association Amadeus Rosa Inscription au registre du commerce Nom de l&rsquo;entreprise enregistr\u00e9e : Rosa Fenster GmbHNum\u00e9ro : CH-073.4.013.110-8Office du registre du commerce : Berne Num\u00e9ro de TVA CHE-105.719.754 Clause de non-responsabilit\u00e9 L&rsquo;auteur n&rsquo;assume aucune responsabilit\u00e9 [&hellip;]<\/p>\n","protected":false},"author":1,"featured_media":0,"parent":0,"menu_order":0,"comment_status":"closed","ping_status":"closed","template":"","meta":{"inline_featured_image":false,"footnotes":""},"class_list":["post-2627","page","type-page","status-publish","hentry"],"_links":{"self":[{"href":"https:\/\/www.rosafenster.ch\/fr\/wp-json\/wp\/v2\/pages\/2627","targetHints":{"allow":["GET"]}}],"collection":[{"href":"https:\/\/www.rosafenster.ch\/fr\/wp-json\/wp\/v2\/pages"}],"about":[{"href":"https:\/\/www.rosafenster.ch\/fr\/wp-json\/wp\/v2\/types\/page"}],"author":[{"embeddable":true,"href":"https:\/\/www.rosafenster.ch\/fr\/wp-json\/wp\/v2\/users\/1"}],"replies":[{"embeddable":true,"href":"https:\/\/www.rosafenster.ch\/fr\/wp-json\/wp\/v2\/comments?post=2627"}],"version-history":[{"count":3,"href":"https:\/\/www.rosafenster.ch\/fr\/wp-json\/wp\/v2\/pages\/2627\/revisions"}],"predecessor-version":[{"id":2657,"href":"https:\/\/www.rosafenster.ch\/fr\/wp-json\/wp\/v2\/pages\/2627\/revisions\/2657"}],"wp:attachment":[{"href":"https:\/\/www.rosafenster.ch\/fr\/wp-json\/wp\/v2\/media?parent=2627"}],"curies":[{"name":"wp","href":"https:\/\/api.w.org\/{rel}","templated":true}]}}

Mentions légales

<style>.elementor-2627 .elementor-element.elementor-element-1a9d78b{--display:flex;--flex-direction:column;--container-widget-width:100%;--container-widget-height:initial;--container-widget-flex-grow:0;--container-widget-align-self:initial;--flex-wrap-mobile:wrap;}</style>		<div data-elementor-type="wp-page" data-elementor-id="2627" class="elementor elementor-2627 elementor-2624" data-elementor-post-type="page">
				<div class="elementor-element elementor-element-1a9d78b e-flex e-con-boxed e-con e-parent" data-id="1a9d78b" data-element_type="container">
					<div class="e-con-inner">
				<div class="elementor-element elementor-element-8354d07 elementor-widget elementor-widget-text-editor" data-id="8354d07" data-element_type="widget" data-widget_type="text-editor.default">
				<div class="elementor-widget-container">
									<h4>Adresse de contact</h4>
<p>Rosa Fenster GmbH<br />Meisenweg 10<br />3292 Busswil<br /><a href="mailto:info@rosafenster.ch">info@rosafenster.ch</a></p>
<h4>Contact technique</h4>
<p>Webtrics GmbH<br />Place du marché 16<br />3250 Lyss<br /><a href="mailto:info@webtrics.ch" target="_blank" rel="noopener noreferrer">info@webtrics.ch<br /></a><a href="http://www.webtrics.ch/" target="_blank" rel="noopener noreferrer">www.webtrics.ch</a></p>
<h4>Personnes autorisées à représenter l&rsquo;association</h4>
<p>Amadeus Rosa</p>
<h4>Inscription au registre du commerce</h4>
<p>Nom de l&rsquo;entreprise enregistrée : Rosa Fenster GmbH<br />Numéro : CH-073.4.013.110-8<br />Office du registre du commerce : Berne</p>
<h4>Numéro de TVA</h4>
<p>CHE-105.719.754</p>
<h4>Clause de non-responsabilité</h4>
<p>L&rsquo;auteur n&rsquo;assume aucune responsabilité quant à la véracité, l&rsquo;exactitude, l&rsquo;actualité, la fiabilité et l&rsquo;exhaustivité du contenu des informations.</p>
<p>L&rsquo;auteur ne saurait être tenu pour responsable des dommages matériels ou immatériels qui pourraient être causés par l&rsquo;accès aux informations diffusées ou par leur utilisation ou non-utilisation, par le mauvais usage de la connexion ou par des problèmes techniques.</p>
<p>Toutes les offres sont sans engagement. L&rsquo;auteur se réserve expressément le droit de modifier, de compléter ou de supprimer des parties de pages ou l&rsquo;ensemble de l&rsquo;offre sans avis préalable, ou d&rsquo;en suspendre temporairement ou définitivement la publication.</p>
<h4>Responsabilité pour les liens</h4>
<p>Les renvois et liens vers des sites web de tiers ne relèvent pas de notre responsabilité. Nous déclinons toute responsabilité pour de tels sites web. L&rsquo;accès à de tels sites et leur utilisation se font aux risques et périls de l&rsquo;utilisateur ou de l&rsquo;utilisatrice.</p>
<h4>Droits d&rsquo;auteur</h4>
<p>Les droits d&rsquo;auteur et tous les autres droits liés aux contenus, images, photos ou autres fichiers présents sur le site web appartiennent exclusivement <strong>à la société Rosa Fenster GmbH</strong> ou aux titulaires de droits spécialement cités. Pour la reproduction de tout élément, l&rsquo;accord écrit des détenteurs des droits d&rsquo;auteur doit être obtenu au préalable.</p>
								</div>
				</div>
					</div>
				</div>
				</div>

<p>Adresse de contact Rosa Fenster GmbHMeisenweg 103292 Busswilinfo@rosafenster.ch Contact technique Webtrics GmbHPlace du marché 163250 Lyssinfo@webtrics.chwww.webtrics.ch Personnes autorisées à représenter l&rsquo;association Amadeus Rosa Inscription au registre du commerce Nom de l&rsquo;entreprise enregistrée : Rosa Fenster GmbHNuméro : CH-073.4.013.110-8Office du registre du commerce : Berne Numéro de TVA CHE-105.719.754 Clause de non-responsabilité L&rsquo;auteur n&rsquo;assume aucune responsabilité [&hellip;]</p>
