{"id":2426,"date":"2022-09-02T20:43:33","date_gmt":"2022-09-02T18:43:33","guid":{"rendered":"https:\/\/www.rosafenster.ch\/produkt\/non%20class\u00e9\/systeme-de-pliage-modele-provence\/"},"modified":"2026-02-05T11:09:08","modified_gmt":"2026-02-05T10:09:08","slug":"systeme-de-pliage-modele-provence","status":"publish","type":"product","link":"https:\/\/www.rosafenster.ch\/fr\/produkt\/volets\/volets-coulissants\/systeme-de-pliage-modele-provence\/","title":{"rendered":"Syst\u00e8me de pliage mod\u00e8le PROVENCE"},"content":{"rendered":"<p>Le mod\u00e8le PROVENCE est un \u00e9l\u00e9ment encastrable fini de haute qualit\u00e9, compos\u00e9 d&rsquo;un cadre d&rsquo;encastrement \u00e0 quatre c\u00f4t\u00e9s avec un rail de guidage sup\u00e9rieur et inf\u00e9rieur. Les diff\u00e9rents \u00e9l\u00e9ments du magasin en profil\u00e9s d&rsquo;aluminium extrud\u00e9 s&rsquo;ouvrent et se ferment facilement comme un accord\u00e9on.<\/p>\n<p>Coulisseau et fermeture,<br \/>\nRail de guidage en haut et en bas,<br \/>\nCadre et rails dans la couleur du vantail et avec<br \/>\nJoint \u00e0 brosse.<\/p>\n","protected":false},"excerpt":{"rendered":"<p>Le mod\u00e8le PROVENCE est un \u00e9l\u00e9ment encastrable fini de haute qualit\u00e9, compos\u00e9 d&rsquo;un cadre d&rsquo;encastrement \u00e0 quatre c\u00f4t\u00e9s avec un rail de guidage sup\u00e9rieur et inf\u00e9rieur. Les diff\u00e9rents \u00e9l\u00e9ments du magasin en profil\u00e9s d&rsquo;aluminium extrud\u00e9 s&rsquo;ouvrent et se ferment facilement comme un accord\u00e9on. Coulisseau et fermeture, Rail de guidage en haut et en bas, Cadre [&hellip;]<\/p>\n","protected":false},"featured_media":903,"comment_status":"closed","ping_status":"closed","template":"","meta":{"inline_featured_image":false},"product_brand":[],"product_cat":[112,123],"product_tag":[],"class_list":{"0":"post-2426","1":"product","2":"type-product","3":"status-publish","4":"has-post-thumbnail","6":"product_cat-volets","7":"product_cat-volets-coulissants","9":"first","10":"instock","11":"taxable","12":"shipping-taxable","13":"product-type-simple"},"_links":{"self":[{"href":"https:\/\/www.rosafenster.ch\/fr\/wp-json\/wp\/v2\/product\/2426","targetHints":{"allow":["GET"]}}],"collection":[{"href":"https:\/\/www.rosafenster.ch\/fr\/wp-json\/wp\/v2\/product"}],"about":[{"href":"https:\/\/www.rosafenster.ch\/fr\/wp-json\/wp\/v2\/types\/product"}],"replies":[{"embeddable":true,"href":"https:\/\/www.rosafenster.ch\/fr\/wp-json\/wp\/v2\/comments?post=2426"}],"wp:featuredmedia":[{"embeddable":true,"href":"https:\/\/www.rosafenster.ch\/fr\/wp-json\/wp\/v2\/media\/903"}],"wp:attachment":[{"href":"https:\/\/www.rosafenster.ch\/fr\/wp-json\/wp\/v2\/media?parent=2426"}],"wp:term":[{"taxonomy":"product_brand","embeddable":true,"href":"https:\/\/www.rosafenster.ch\/fr\/wp-json\/wp\/v2\/product_brand?post=2426"},{"taxonomy":"product_cat","embeddable":true,"href":"https:\/\/www.rosafenster.ch\/fr\/wp-json\/wp\/v2\/product_cat?post=2426"},{"taxonomy":"product_tag","embeddable":true,"href":"https:\/\/www.rosafenster.ch\/fr\/wp-json\/wp\/v2\/product_tag?post=2426"}],"curies":[{"name":"wp","href":"https:\/\/api.w.org\/{rel}","templated":true}]}}

https://www.rosafenster.ch/produkt/non%20classé/systeme-de-pliage-modele-provence/

Système de pliage modèle PROVENCE

<p>Le modèle PROVENCE est un élément encastrable fini de haute qualité, composé d&rsquo;un cadre d&rsquo;encastrement à quatre côtés avec un rail de guidage supérieur et inférieur. Les différents éléments du magasin en profilés d&rsquo;aluminium extrudé s&rsquo;ouvrent et se ferment facilement comme un accordéon.</p>
<p>Coulisseau et fermeture,<br />
Rail de guidage en haut et en bas,<br />
Cadre et rails dans la couleur du vantail et avec<br />
Joint à brosse.</p>

<p>Le modèle PROVENCE est un élément encastrable fini de haute qualité, composé d&rsquo;un cadre d&rsquo;encastrement à quatre côtés avec un rail de guidage supérieur et inférieur. Les différents éléments du magasin en profilés d&rsquo;aluminium extrudé s&rsquo;ouvrent et se ferment facilement comme un accordéon. Coulisseau et fermeture, Rail de guidage en haut et en bas, Cadre [&hellip;]</p>
